{"id":166,"date":"2026-01-08T14:42:56","date_gmt":"2026-01-08T13:42:56","guid":{"rendered":"https:\/\/dzbm.dzierzoniow.pl\/?page_id=166"},"modified":"2026-01-08T14:44:37","modified_gmt":"2026-01-08T13:44:37","slug":"przedmiot-dzialalnosci","status":"publish","type":"page","link":"https:\/\/dzbm.dzierzoniow.pl\/index.php\/przedmiot-dzialalnosci\/","title":{"rendered":"Przedmiot dzia\u0142alno\u015bci"},"content":{"rendered":"<figure class=\"wp-block-post-featured-image\"><img loading=\"lazy\" decoding=\"async\" width=\"512\" height=\"512\" src=\"https:\/\/dzbm.dzierzoniow.pl\/wp-content\/uploads\/2025\/12\/cropped-cropped-logo_128.png\" class=\"attachment-post-thumbnail size-post-thumbnail wp-post-image\" alt=\"\" style=\"object-fit:cover;\" srcset=\"https:\/\/dzbm.dzierzoniow.pl\/wp-content\/uploads\/2025\/12\/cropped-cropped-logo_128.png 512w, https:\/\/dzbm.dzierzoniow.pl\/wp-content\/uploads\/2025\/12\/cropped-cropped-logo_128-300x300.png 300w, https:\/\/dzbm.dzierzoniow.pl\/wp-content\/uploads\/2025\/12\/cropped-cropped-logo_128-150x150.png 150w, https:\/\/dzbm.dzierzoniow.pl\/wp-content\/uploads\/2025\/12\/cropped-cropped-logo_128-270x270.png 270w, https:\/\/dzbm.dzierzoniow.pl\/wp-content\/uploads\/2025\/12\/cropped-cropped-logo_128-192x192.png 192w, https:\/\/dzbm.dzierzoniow.pl\/wp-content\/uploads\/2025\/12\/cropped-cropped-logo_128-180x180.png 180w, https:\/\/dzbm.dzierzoniow.pl\/wp-content\/uploads\/2025\/12\/cropped-cropped-logo_128-32x32.png 32w\" sizes=\"auto, (max-width: 512px) 100vw, 512px\" \/><\/figure>\n\n\n<p>Sp\u00f3\u0142ka powsta\u0142a 01.01.2005r. z przekszta\u0142cenia Zarz\u0105du Budynk\u00f3w Mieszkalnych, kt\u00f3ry by\u0142 zak\u0142adem bud\u017cetowym Gminy Miejskiej Dzier\u017coni\u00f3w.&nbsp;Sp\u00f3\u0142ka \u015bwiadczy us\u0142ugi podstawowe zwi\u0105zane z:<\/p>\n\n\n\n<ol class=\"wp-block-list\">\n<li><strong>Zarz\u0105dzaniem nieruchomo\u015bciami<\/strong><\/li>\n\n\n\n<li><strong>Administrowaniem lokalami mieszkalnymi i u\u017cytkowymi<\/strong><\/li>\n<\/ol>\n\n\n\n<p>oraz uruchomi\u0142a dodatkow\u0105 dzia\u0142alno\u015b\u0107 wynikaj\u0105c\u0105 z potrzeb naszych klient\u00f3w tzn.<\/p>\n\n\n\n<ul class=\"wp-block-list\">\n<li><strong>po\u015brednictwo pieni\u0119\u017cne (przyjmowanie wp\u0142at)<\/strong><\/li>\n\n\n\n<li><strong>projektowanie budowlane, urbanistyczne i technologiczne<\/strong><\/li>\n\n\n\n<li><strong>przegl\u0105dy instalacji gazowych i przegl\u0105dy techniczne budynk\u00f3w<\/strong><\/li>\n<\/ul>\n\n\n\n<p>Dzi\u0119ki temu mo\u017cemy \u015bwiadczy\u0107 us\u0142ugi na wysokim poziomie w spos\u00f3b kompleksowy i profesjonalny. Pragniemy podkre\u015bli\u0107, \u017ce us\u0142ugi swoje wykonujemy z zastosowaniem nowoczesnych technologii informatycznych-tzn. korzystamy ze specjalistycznych system\u00f3w informatycznych i najnowszej generacji sprz\u0119tu komputerowego. Wszystkie zarz\u0105dzane przez nas Wsp\u00f3lnoty Mieszkaniowe rozliczane s\u0105 przez swoje indywidualne konta bankowe posiadaj\u0105 ubezpieczenie swojej nieruchomo\u015bci i maj\u0105 aktualn\u0105 ksi\u0105\u017ck\u0119 obiektu oraz wszystkie przewidziane prawem przegl\u0105dy.<\/p>\n","protected":false},"excerpt":{"rendered":"<p>Sp\u00f3\u0142ka powsta\u0142a 01.01.2005r. z przekszta\u0142cenia Zarz\u0105du Budynk\u00f3w Mieszkalnych, kt\u00f3ry by\u0142 zak\u0142adem bud\u017cetowym Gminy Miejskiej Dzier\u017coni\u00f3w.&nbsp;Sp\u00f3\u0142ka \u015bwiadczy us\u0142ugi podstawowe zwi\u0105zane z: oraz uruchomi\u0142a dodatkow\u0105 dzia\u0142alno\u015b\u0107 wynikaj\u0105c\u0105 z potrzeb naszych klient\u00f3w tzn. Dzi\u0119ki temu mo\u017cemy \u015bwiadczy\u0107 us\u0142ugi na wysokim poziomie w spos\u00f3b kompleksowy i profesjonalny. Pragniemy podkre\u015bli\u0107, \u017ce us\u0142ugi swoje wykonujemy z zastosowaniem nowoczesnych technologii informatycznych-tzn. korzystamy [&hellip;]<\/p>\n","protected":false},"author":1,"featured_media":27,"parent":0,"menu_order":0,"comment_status":"closed","ping_status":"closed","template":"","meta":{"footnotes":""},"class_list":["post-166","page","type-page","status-publish","has-post-thumbnail","hentry"],"_links":{"self":[{"href":"https:\/\/dzbm.dzierzoniow.pl\/index.php\/wp-json\/wp\/v2\/pages\/166","targetHints":{"allow":["GET"]}}],"collection":[{"href":"https:\/\/dzbm.dzierzoniow.pl\/index.php\/wp-json\/wp\/v2\/pages"}],"about":[{"href":"https:\/\/dzbm.dzierzoniow.pl\/index.php\/wp-json\/wp\/v2\/types\/page"}],"author":[{"embeddable":true,"href":"https:\/\/dzbm.dzierzoniow.pl\/index.php\/wp-json\/wp\/v2\/users\/1"}],"replies":[{"embeddable":true,"href":"https:\/\/dzbm.dzierzoniow.pl\/index.php\/wp-json\/wp\/v2\/comments?post=166"}],"version-history":[{"count":2,"href":"https:\/\/dzbm.dzierzoniow.pl\/index.php\/wp-json\/wp\/v2\/pages\/166\/revisions"}],"predecessor-version":[{"id":169,"href":"https:\/\/dzbm.dzierzoniow.pl\/index.php\/wp-json\/wp\/v2\/pages\/166\/revisions\/169"}],"wp:featuredmedia":[{"embeddable":true,"href":"https:\/\/dzbm.dzierzoniow.pl\/index.php\/wp-json\/wp\/v2\/media\/27"}],"wp:attachment":[{"href":"https:\/\/dzbm.dzierzoniow.pl\/index.php\/wp-json\/wp\/v2\/media?parent=166"}],"curies":[{"name":"wp","href":"https:\/\/api.w.org\/{rel}","templated":true}]}}